{"id":261,"date":"2016-04-13T12:23:40","date_gmt":"2016-04-13T11:23:40","guid":{"rendered":"http:\/\/www.judo-lengede.de\/?page_id=261"},"modified":"2018-07-20T12:37:23","modified_gmt":"2018-07-20T11:37:23","slug":"guertelpruefungen-beim-tb-lengede-e-v","status":"publish","type":"page","link":"http:\/\/www.judo-lengede.de\/?page_id=261","title":{"rendered":"G\u00fcrtelpr\u00fcfungen beim TB Lengede e.V."},"content":{"rendered":"<p>&#8222;Was der G\u00fcrtelpr\u00fcfer von seinen Judoka erwartet:&#8220;<\/p>\n<p><strong>Allgemeines<\/strong><\/p>\n<ol>\n<li><em>Mindestalter<\/em><br \/>\nJede G\u00fcrtelpr\u00fcfung <em>sollte<\/em>\u00a0erst ab einem bestimmten Lebensjahr abgelegt werden.<br \/>\nHierzu die empfohlenen Altersstufen:<\/li>\n<\/ol>\n<table style=\"height: 560px;\" border=\"0\" width=\"598\">\n<tbody>\n<tr>\n<td>8. Kyu<\/td>\n<td>wei\u00df-gelb<\/td>\n<td>vollendetes 7. Lebensjahr<\/td>\n<\/tr>\n<tr>\n<td>7. Kyu<\/td>\n<td>gelb<\/td>\n<td>im 8. Lebensjahr (Jahrgang entscheidend)<\/td>\n<\/tr>\n<tr>\n<td>6. Kyu<\/td>\n<td>gelb-orange<\/td>\n<td>im 9. Lebensjahr (Jahrgang entscheidend)<\/td>\n<\/tr>\n<tr>\n<td>5. Kyu<\/td>\n<td>orange<\/td>\n<td>im 10. Lebensjahr (Jahrgang entscheidend)<\/td>\n<\/tr>\n<tr>\n<td>4. Kyu<\/td>\n<td>orange-gr\u00fcn<\/td>\n<td>im 11. Lebensjahr (Jahrgang entscheidend)<\/td>\n<\/tr>\n<tr>\n<td>3. Kyu<\/td>\n<td>gr\u00fcn<\/td>\n<td>im 12. Lebensjahr (Jahrgang entscheidend)<\/td>\n<\/tr>\n<tr>\n<td>2. Kyu<\/td>\n<td>blau<\/td>\n<td>im 13. Lebensjahr (Jahrgang entscheidend)<\/td>\n<\/tr>\n<tr>\n<td>1. Kyu<\/td>\n<td>braun<\/td>\n<td>im 14. Lebensjahr (Jahrgang entscheidend)<\/td>\n<\/tr>\n<tr>\n<td>1. Dan<\/td>\n<td>schwarz<\/td>\n<td>vollendetes 15. Lebensjahr (mit Wettkampfpunkten; sonst mit vollendetem 16. Lebensjahr)<\/td>\n<\/tr>\n<\/tbody>\n<\/table>\n<p>&nbsp;<\/p>\n<p><em>2. Vorbereitungszeit<\/em><br \/>\nZu jeder G\u00fcrtelpr\u00fcfung bedarf es einer gewissen Vorbereitungszeit (=Abstand zur letzten G\u00fcrtelpr\u00fcfung \/ Ausstellung des Judopasses).<br \/>\nJudoka bis 14 Jahre haben mindestens 1\/2 Jahr Vorbereitungszeit auf ihre folgende Kyu-G\u00fcrtelpr\u00fcfung.<br \/>\nJudoka ab 14 Jahre haben mindestens 1\/4 Jahr Vorbereitungszeit auf ihre folgende Kyu-G\u00fcrtelpr\u00fcfung.Die Vorbereitungszeit zum 2. Kyu betr\u00e4gt mindestens 1\/2 Jahr.<br \/>\nDie Vorbereitungszeit zum 1. Dan betr\u00e4gt normal mindestens\u00a02 Jahre (verk\u00fcrzt 1 Jahr).<\/p>\n<p><strong>Besonderes<\/strong><\/p>\n<ol>\n<li><em>Judotechniken<br \/>\n<\/em>&#8222;Judotechniken sind kein Selbstzweck! Sie sind bew\u00e4hrte L\u00f6sungen einer Kampfsituation, mit dem Ziel, den Gegner gegen dessen Widerstand mit Ippon zu besiegen.&#8220;<br \/>\nEigentlich sollte es sich von selbst verstehen; aber hiermit sei nochmals ausdr\u00fccklich darauf hingewiesen, dass Techniken bei einer G\u00fcrtelpr\u00fcfung aus der Bewegung \/ aus Situationen gezeigt werden sollen.<br \/>\nBewegungsarme Vorf\u00fchrungen sind nicht nur ineffektiv und nutzlos, sondern langweilen auch die Pr\u00fcfer in h\u00f6chstem Ma\u00dfe.<br \/>\nDie Techniken sollten dar\u00fcber hinaus nat\u00fcrlich &#8211; und auch das versteht sich im Grunde von selbst &#8211; beherrscht werden.<br \/>\n<strong>Hierzu ist ein regelm\u00e4\u00dfiges Training innerhalb der Vorbereitungszeit notwendig.<\/strong><\/li>\n<li><em>Judopass<br \/>\n<\/em>Die G\u00fcrtelpr\u00fcfungen werden\u00a0in den Judopass eingetragen.<br \/>\nDieser befindet sich in der Regel immer bei der\u00a0Spartenleiterin \/ beim Spartenleiter.<\/li>\n<li><em>Pr\u00fcfungsgeb\u00fchr<br \/>\n<\/em>Leider sind G\u00fcrtelpr\u00fcfungen im Judo nicht kostenlos.<br \/>\nPro Pr\u00fcfung werden f\u00fcr Vereinsmitglieder\u00a0im TB Lengede 10 \u20ac Pr\u00fcfungsgeb\u00fchr f\u00e4llig.<br \/>\nDiese setzen sich zusammen aus u.a. Kosten der Pr\u00fcfungsmarke, Kosten der Pr\u00fcfer und Kosten f\u00fcr Organisatorisches wie z. B. Bestellung der Marken, b\u00fcrokratischer Aufwand, &#8230;<br \/>\nBei der ersten Pr\u00fcfung zum 8. Kyu (wei\u00df-gelb Gurt) muss zus\u00e4tzlich der DJB-Judopass gekauft werden, welcher jeden Judoka sein ganzes Judo-Leben lang\u00a0begleitet.<br \/>\nKosten hierbei sind nochmals 10 \u20ac.<\/li>\n<\/ol>\n<p>Zusammenfassung:<br \/>\nJudopass:\u00a0\u00a0\u00a0\u00a0\u00a0\u00a0\u00a0\u00a0\u00a0\u00a0\u00a0\u00a0\u00a0\u00a010 \u20ac (nur bei der ersten Pr\u00fcfung zum 8. Kyu!)<br \/>\nPr\u00fcfungsgeb\u00fchr: 10 \u20ac*<br \/>\nG\u00fcrtel:\u00a0\u00a0\u00a0\u00a0\u00a0\u00a0\u00a0\u00a0\u00a0\u00a0\u00a0\u00a0\u00a0\u00a0\u00a0\u00a0\u00a0\u00a0\u00a0 auf Anfrage (ca. 7 \u20ac)<\/p>\n<pre>* f\u00fcr Mitglieder im Turnerbund Lengede e. V.<\/pre>\n","protected":false},"excerpt":{"rendered":"<p>&#8222;Was der G\u00fcrtelpr\u00fcfer von seinen Judoka erwartet:&#8220; Allgemeines Mindestalter Jede G\u00fcrtelpr\u00fcfung sollte\u00a0erst ab einem bestimmten Lebensjahr abgelegt werden. Hierzu die empfohlenen Altersstufen: 8. Kyu wei\u00df-gelb vollendetes 7. Lebensjahr 7. Kyu gelb im 8. Lebensjahr (Jahrgang entscheidend) 6. Kyu gelb-orange im 9. Lebensjahr (Jahrgang entscheidend) 5. Kyu orange im 10. Lebensjahr (Jahrgang entscheidend) 4. Kyu orange-gr\u00fcn &hellip; <a href=\"http:\/\/www.judo-lengede.de\/?page_id=261\" class=\"more-link\"><span class=\"screen-reader-text\">G\u00fcrtelpr\u00fcfungen beim TB Lengede e.V.<\/span> weiterlesen<\/a><\/p>\n","protected":false},"author":3,"featured_media":0,"parent":47,"menu_order":1,"comment_status":"closed","ping_status":"closed","template":"","meta":[],"_links":{"self":[{"href":"http:\/\/www.judo-lengede.de\/index.php?rest_route=\/wp\/v2\/pages\/261"}],"collection":[{"href":"http:\/\/www.judo-lengede.de\/index.php?rest_route=\/wp\/v2\/pages"}],"about":[{"href":"http:\/\/www.judo-lengede.de\/index.php?rest_route=\/wp\/v2\/types\/page"}],"author":[{"embeddable":true,"href":"http:\/\/www.judo-lengede.de\/index.php?rest_route=\/wp\/v2\/users\/3"}],"replies":[{"embeddable":true,"href":"http:\/\/www.judo-lengede.de\/index.php?rest_route=%2Fwp%2Fv2%2Fcomments&post=261"}],"version-history":[{"count":16,"href":"http:\/\/www.judo-lengede.de\/index.php?rest_route=\/wp\/v2\/pages\/261\/revisions"}],"predecessor-version":[{"id":1201,"href":"http:\/\/www.judo-lengede.de\/index.php?rest_route=\/wp\/v2\/pages\/261\/revisions\/1201"}],"up":[{"embeddable":true,"href":"http:\/\/www.judo-lengede.de\/index.php?rest_route=\/wp\/v2\/pages\/47"}],"wp:attachment":[{"href":"http:\/\/www.judo-lengede.de\/index.php?rest_route=%2Fwp%2Fv2%2Fmedia&parent=261"}],"curies":[{"name":"wp","href":"https:\/\/api.w.org\/{rel}","templated":true}]}}