{"id":302,"date":"2016-06-06T12:10:02","date_gmt":"2016-06-06T11:10:02","guid":{"rendered":"http:\/\/www.judo-lengede.de\/?page_id=302"},"modified":"2021-06-15T11:26:49","modified_gmt":"2021-06-15T10:26:49","slug":"judo-im-turnerbund-lengede-e-v","status":"publish","type":"page","link":"http:\/\/www.judo-lengede.de\/?page_id=302","title":{"rendered":"Judo im TB-Lengede e. V."},"content":{"rendered":"<p><strong>Geschichte des Judo im TBL<\/strong><\/p>\n<p>Im November 1988 hat der Turnerbund Lengede e. V. \u00a0als erster Verein in der Gemeinde versucht, die Kampfsportart Judo\u00a0als Sparte zu integrieren und eine zweimonatige Testphase ausprobiert.<br \/>\nDa der Zulauf enorm war, wurde am 01.01.1989 offiziell die Sparte Judo in den Verein aufgenommen.<br \/>\nDer damalige\u00a0Trainer war Klaus Heritt\u00a0und Norbert Bauch.<br \/>\nNorbert ist nach kurzer Zeit aus pers\u00f6nlichen Gr\u00fcnden ausgestiegen und so hat Klaus bis 2015, \u00fcber 25 Jahre, den Spartenleiter und Trainer gestellt.<br \/>\nKlaus Tochter Kerstin hatte nach seinem Tod (2015), die Judosparte \u00fcbernommen.<br \/>\nIm Juli 2019 trat Kerstin von Ihrem Amt als Spartenleiterin zur\u00fcck und h\u00f6rte im Juni 2021 als Trainerin und Judoka insgesamt nach \u00fcber 40 Jahren Judo auf.<br \/>\nInnerhalb der Trainer und vollj\u00e4hrigen Helfer in der Judo-Sparte, wurde Maico Rother durch eine Abstimmung als Nachfolger gew\u00e4hlt.<\/p>\n<p>In der Abteilung gibt es zurzeit drei weitere Trainer f\u00fcr Kinder, Jugendliche und Erwachsene ab 5 Jahre.<br \/>\nDie Sparte besteht zurzeit aus ca. 65 Mitgliedern (Stand 2021).<\/p>\n<p>W\u00e4hrend der letzten\u00a0Jahrzehnte, hat der Verein mehrere Bezirkseinzelmeister, Landeseinzelmeister und gute\u00a0Podest-Platzierung, unter anderem eine Bronze-Medaille\u00a0auf Norddeutscher Ebene (2018, Tim D\u00fcren) hervorgebracht.<br \/>\nDes Weiteren gab es auch schon mal einen \u00a0Mannschaftspokal f\u00fcr den 1. Platz, wie beim Jubil\u00e4umsturnier der Red Judodragons des SC Hameln im Oktober 2018.<\/p>\n<p>Im Oktober 2017 erwarb Kerstin eine <strong>Trainerlizenz f\u00fcr ID-Judo <\/strong>(fr\u00fcher G-Judo), also Judo f\u00fcr geistig Behinderte.<br \/>\nAls Mitglied im <strong>Allgemeinen Behindertenverband in Deutschland<\/strong> (ABiD),\u00a0bot die Judo-Sparte\u00a0des Turnerbund Lengede, dieses spezielle Training im Mai 2018, als erster Verein im Kreis Peine und Stadt Salzgitter an.<br \/>\nDamit war der TBL einer von drei Judovereinen im gesamten Bezirk Braunschweig.<br \/>\n<span style=\"font-size: inherit;\">Mit dem R\u00fccktritt von Kerstin im Juni 2021 verfiel dieses Angebot, welches aus Mangel an Fahrorganisationen der Behindertenst\u00e4tten\/ des Vereins leider nie richtig angenommen wurde.<\/span><\/p>\n<p>Vom M\u00e4rz 2020 bis zum Juni 2021 war die Corona- bedingte l\u00e4ngste Trainingspause der Judosparte.<br \/>\nAls Kontaktsportart hatten wir leider auch nicht die M\u00f6glichkeiten, unsere Techniken am Judopartner zu \u00fcben.<br \/>\nSo verblieb es beim freiwilligen Fitness &#8211; Heimtraining, welches \u00fcber die \u201emodernen Medien\u201c angeboten wurde.<\/p>\n<p>Seit Ende 2018 wurden in der Judoabteilung des TBL monatliche Trainertreffen eingef\u00fchrt, wo jeder Helfer und Trainer \u00fcber Ideen und Probleme innerhalb des Trainerstab reden kann.<br \/>\nDort wurde Anfang 2019 auch beschlossen, Aufgaben f\u00fcr die Judosparte auf verschieden Schultern zu verteilen.<br \/>\nSomit gibt es neben dem Spartenleiter einen Wettkampfbeauftragten, einen Presse-, Internetbeauftragten, einen Beauftragten f\u00fcr die allgemeine \u00d6ffentlichkeitsarbeit, Pr\u00fcfer f\u00fcr die G\u00fcrtelstufen innerhalb des TBL und einen Organisationsleiter f\u00fcr Veranstaltungen.<br \/>\nJedem dieser Beauftragten steht auch ein Vertreter zur Seite.<br \/>\nGerade die Veranstaltungen, haupts\u00e4chlich f\u00fcr unsere j\u00fcngeren Judoka, wie Weihnachtsfeiern, Judo-Safari und vieles mehr, ben\u00f6tigen immer ein gr\u00f6\u00dferes Orga-Team, welches viel Flei\u00df mit einbringen muss.<br \/>\nMit so einen Team, ist eine Gestaltung von Trainingseinheiten und Veranstaltungen innerhalb eines Vereins zukunftsf\u00e4hig aufgestellt.<\/p>\n<p><strong>Das Training<\/strong><\/p>\n<p>In Lengede wird Judo als Freizeitsport betrieben. Das bedeutet, dass zwar auch Wettk\u00e4mpfe stattfinden, aber auch der Spa\u00df am Sport\u00a0und dem Miteinander nicht zu kurz kommen.<\/p>\n<p>Die j\u00fcngsten Kinder werden behutsam und spielerisch an die Judotechniken herangef\u00fchrt.<br \/>\nBei den Jugendlichen und Erwachsenen wird auf Anf\u00e4nger, Wiedereinsteiger oder auch Fortgeschrittene mit einem gezielten Training eingegangen.<br \/>\n\u201eNeulinge\u201c und Wiedereinsteiger aller Altersklassen sind zu einem <em>kostenlosen<\/em> Probetraining herzlich willkommen.<\/p>\n<p><strong>Werte<\/strong><\/p>\n<p>Es werden w\u00e4hrend des Trainings die folgenden Judo-Werte vermittelt:<\/p>\n<ol>\n<li>H\u00f6flichkeit<\/li>\n<li>Ehrlichkeit<\/li>\n<li>Ernsthaftigkeit<\/li>\n<li>Respekt<\/li>\n<li>Selbstbeherrschung<\/li>\n<li>Mut<\/li>\n<li>Wertsch\u00e4tzung<\/li>\n<li>Bescheidenheit<\/li>\n<li>Hilfsbereitschaft<\/li>\n<li>Freundschaft<\/li>\n<\/ol>\n<p><strong>Veranstaltungen<\/strong><\/p>\n<p>Es finden immer wieder Judo-\u00dcbergreifende Veranstaltungen statt.<br \/>\nF\u00fcr Kinder bis 14 Jahre gibt es die Judo-Safari vom Deutschen Judo-Bund (DJB). Dieser Wettbewerb gliedert sich in 3 Teile. Dem Budo-Wettbewerb, den leichtathletischen Teil und einen kreativen Teil. Den genauen Ablauf dieser Disziplinen, ist dem Verein \u00fcberlassen und wird jedes Mal neu festgelegt. Am Ende gibt es f\u00fcr jeden Teilnehmer eine Urkunde und einen Aufn\u00e4her f\u00fcr den Judo-Gi (Judoanzug).<br \/>\nF\u00fcr Jugendliche zwischen 13 und 17 Jahren, gibt es vom DJB das Pentathlon, welches sich in f\u00fcnf verschiedene Disziplin aufteilt.\u00a0Diese Veranstaltung wurde zum ersten Mal im Sommer 2016 beim TBL durchgef\u00fchrt.<\/p>\n<p>Au\u00dfer speziell auf Judo ausgerichtete Veranstaltungen, finden auch immer wieder Aktionen, wie Faschingsfeiern oder Schwimmen, Sommerfeste und Weihnachtsfeiern\u00a0statt, welche das Miteinander unter den Mitgliedern und gerade der Kids f\u00f6rdern.<\/p>\n","protected":false},"excerpt":{"rendered":"<p>Geschichte des Judo im TBL Im November 1988 hat der Turnerbund Lengede e. V. \u00a0als erster Verein in der Gemeinde versucht, die Kampfsportart Judo\u00a0als Sparte zu integrieren und eine zweimonatige Testphase ausprobiert. Da der Zulauf enorm war, wurde am 01.01.1989 offiziell die Sparte Judo in den Verein aufgenommen. Der damalige\u00a0Trainer war Klaus Heritt\u00a0und Norbert Bauch. &hellip; <a href=\"http:\/\/www.judo-lengede.de\/?page_id=302\" class=\"more-link\"><span class=\"screen-reader-text\">Judo im TB-Lengede e. V.<\/span> weiterlesen<\/a><\/p>\n","protected":false},"author":3,"featured_media":0,"parent":0,"menu_order":0,"comment_status":"closed","ping_status":"closed","template":"","meta":[],"_links":{"self":[{"href":"http:\/\/www.judo-lengede.de\/index.php?rest_route=\/wp\/v2\/pages\/302"}],"collection":[{"href":"http:\/\/www.judo-lengede.de\/index.php?rest_route=\/wp\/v2\/pages"}],"about":[{"href":"http:\/\/www.judo-lengede.de\/index.php?rest_route=\/wp\/v2\/types\/page"}],"author":[{"embeddable":true,"href":"http:\/\/www.judo-lengede.de\/index.php?rest_route=\/wp\/v2\/users\/3"}],"replies":[{"embeddable":true,"href":"http:\/\/www.judo-lengede.de\/index.php?rest_route=%2Fwp%2Fv2%2Fcomments&post=302"}],"version-history":[{"count":22,"href":"http:\/\/www.judo-lengede.de\/index.php?rest_route=\/wp\/v2\/pages\/302\/revisions"}],"predecessor-version":[{"id":1553,"href":"http:\/\/www.judo-lengede.de\/index.php?rest_route=\/wp\/v2\/pages\/302\/revisions\/1553"}],"wp:attachment":[{"href":"http:\/\/www.judo-lengede.de\/index.php?rest_route=%2Fwp%2Fv2%2Fmedia&parent=302"}],"curies":[{"name":"wp","href":"https:\/\/api.w.org\/{rel}","templated":true}]}}